e s(13).
21
Let w(j) = -j**3 + 7*j**2 + 142*j - 1109. Calculate w(9).
7
Let v(p) = -143636*p + 4596384. Give v(32).
32
Let c(o) = -o**2 + 70*o + 172616. Determine c(-382).
-48
Let l(d) = -5*d**2 + 175*d + 1468. Determine l(-7).
-2
Let h(u) = 13*u**3 + 219*u**2 + 34*u - 113. What is h(-16)?
2159
Let v(c) = c**3 + 68*c**2 - 194*c + 1246. Calculate v(-71).
-103
Let g(f) = -6581*f - 33119. What is g(-5)?
-214
Let k(s) = -34*s**3 - 13*s**2 - 42*s + 22. Determine k(-3).
949
Let w(c) = -59*c**2 - 4003*c + 136. Calculate w(-68).
-476
Let h(z) = z**3 + 17*z**2 - 64*z + 309. Give h(-23).
-1393
Let t(v) = v**3 - 116*v**2 - 4200*v - 512. Calculate t(-29).
-657
Let h(d) = 2516*d + 2828006. Give h(-1124).
22
Let p(g) = g**2 - 517. Calculate p(34).
639
Let m(u) = 103*u + 1335. Determine m(-18).
-519
Let j(t) = t**3 + 90*t**2 + 1857*t + 57. Calculate j(-58).
-1
Let c(g) = -2325*g + 153094. Determine c(66).
-356
Let m(a) = -10393*a + 197356. What is m(19)?
-111
Let i(u) = 2*u**2 - 4995*u + 128426. Determine i(26).
-92
Let z(u) = -2*u**2 - 228*u - 1689. Give z(-8).
7
Let a(c) = -819*c + 12242. Calculate a(10).
4052
Let g(l) = 2327*l + 7010. Calculate g(-3).
29
Let b(x) = -5*x**3 + 561*x**2 - 8853*x - 21. Calculate b(19).
-2
Let c(i) = -19*i**2 - 1250*i + 3767. Determine c(3).
-154
Let d(a) = -279*a + 1140. Give d(5).
-255
Let d(l) = -2*l**3 - 5*l**2 - 1091*l + 13397. Give d(10).
-13
Let j(q) = 4075*q - 725048. Calculate j(178).
302
Let c(i) = 2*i**3 + 26*i**2 - 532*i - 4113. Calculate c(-21).
3
Let i(l) = l**2 - 3*l - 30642. Give i(176).
-194
Let o(g) = -g**3 + 28*g**2 - 126*g + 37. What is o(22)?
169
Let t(c) = 122*c**2 - 12*c - 16. What is t(-1)?
118
Let p(v) = -v**3 - 21*v**2 + 27*v - 257. Give p(-22).
-367
Let t(q) = -1063149*q + 5315784. Give t(5).
39
Let q(f) = -3*f**3 - 111*f**2 - 7*f + 220. Give q(-37).
479
Let r(m) = 270*m + 1390. Give r(-15).
-2660
Let o(n) = 591*n**2 - 13*n - 39. Determine o(0).
-39
Let w(a) = -4*a**3 - 139*a**2 - 1025*a - 39. Determine w(-9).
843
Let n(w) = 2646*w + 134948. Calculate n(-51).
2
Let w(y) = -158*y**2 + 2126*y - 5969. Calculate w(4).
7
Let t(f) = f**2 - 21*f - 36941. What is t(-182)?
5
Let a(q) = 72*q**3 - 20*q - 16. Give a(-1).
-68
Let r(g) = 105374*g - 18124332. Determine r(172).
-4
Let o(q) = -1186*q + 1014. Determine o(2).
-1358
Let f(c) = 3*c**2 - 789*c + 51485. Calculate f(143).
5
Let p(j) = -15*j**2 - 1423*j + 1663. Calculate p(-96).
31
Let j(n) = -n**2 - 4209*n + 114333. Determine j(27).
-39
Let w(s) = s**3 - 83*s**2 + 118*s - 16967. What is w(84)?
1
Let a(o) = 3091*o - 213240. Determine a(69).
39
Let n(b) = -b**2 + 439*b + 7551. Give n(-15).
741
Let m(n) = -2*n**2 + 511*n - 7000. Give m(241).
-11
Let c(v) = -11*v**2 - 660*v - 8316. Give c(-18).
0
Let z(x) = 492*x**3 - 5*x**2 + 30*x - 28. What is z(1)?
489
Let u(m) = -m**2 - 8418*m + 109583. What is u(13)?
-20
Let n(l) = 74*l**2 - 17990*l + 1940. What is n(243)?
-4
Let z(q) = -595*q**2 - 3052*q + 98. Give z(-5).
483
Let r(l) = -l**3 + 7*l**2 - 123*l - 11719. Give r(-19).
4
Let a(b) = 2*b**2 - 148*b - 1403. Determine a(83).
91
Let a(k) = -15567*k + 2988856. Give a(192).
-8
Let a(m) = 2*m**3 + 3*m**2 + 123*m - 276. Determine a(2).
-2
Let c(t) = t**3 + 171*t**2 - 27846*t + 248. Calculate c(-273).
248
Let k(g) = -8*g**3 + 144*g**2 - 143*g + 2597. What is k(18)?
23
Let o(m) = m**3 + 144*m**2 + 1562*m - 219. What is o(-12)?
45
Let u(n) = 55297*n - 1105962. Determine u(20).
-22
Let b(m) = 339*m**2 - 1773*m + 308. What is b(5)?
-82
Let n(b) = -7*b**2 + 310*b + 3209. What is n(53)?
-24
Let v(t) = t**3 - 83*t**2 + 385*t + 2950. Calculate v(-4).
18
Let p(g) = 21633*g + 58314. Determine p(-3).
-6585
Let h(p) = -12*p**3 - 103*p**2 + 126*p - 13. Give h(-10).
427
Let j(b) = b**3 + b**2 + 8*b + 37. Give j(-5).
-103
Let p(w) = -79*w**2 + 2357*w + 376. Determine p(30).
-14
Let d(r) = 217*r**2 - 81*r - 113. Determine d(-2).
917
Let x(n) = 919*n + 9716. Give x(-10).
526
Let o(p) = 128*p + 1189. Determine o(-10).
-91
Let p(z) = -12*z**2 - 266*z + 853. Calculate p(-25).
3
Let j(u) = -u**2 - 84167*u + 3115543. Calculate j(37).
-5
Let f(g) = -g**3 + 186*g**2 - 6405*g - 4906. What is f(140)?
-6
Let b(n) = 15*n**2 - 39*n + 211. What is b(6)?
517
Let n(t) = -830*t**3 - 61422*t**2 - 151*t - 166. Determine n(-74).
56
Let t(z) = -2*z**3 + 35*z**2 + 67*z + 674. Calculate t(20).
14
Let h(d) = 2*d**3 + 1067*d**2 - 28508*d + 698. Determine h(-559).
139
Let l(c) = 2*c**3 + 177*c**2 - 39*c + 20776. Calculate l(-90).
-14
Let g(r) = -297*r - 62651. Calculate g(-211).
16
Let g(c) = -471*c + 7064. Determine g(14).
470
Let p(f) = 5*f**3 + 151*f**2 + 1160. What is p(-30)?
2060
Let y(q) = -31019*q - 1861130. Calculate y(-60).
10
Let s(w) = -1721*w - 127287. Calculate s(-74).
67
Let d(y) = -44*y**2 - 3258*y + 6489. Determine d(-76).
-47
Let q(z) = -z**3 + z**2 - 259266*z - 2334204. Give q(-9).
0
Let s(z) = z**3 - 110*z**2 - 112*z - 146. Calculate s(111).
-257
Let m(t) = 3203*t**2 + 12935*t + 489. Give m(-4).
-3
Let z(t) = -12*t**2 - 538*t + 9053. Calculate z(13).
31
Let m(h) = 2*h**2 + 7393*h + 3049449. Calculate m(-473).
18
Let s(i) = 710*i - 55208. Determine s(78).
172
Let z(t) = 2846*t - 324563. Calculate z(114).
-119
Let t(v) = -v**3 - 59*v**2 - 146*v + 1241. Determine t(-56).
9
Let g(j) = -5055*j + 2426387. Give g(480).
-13
Let r(n) = -n**3 + 549*n**2 - 37838*n - 32817. Calculate r(468).
-57
Let k(l) = 11*l + 560. What is k(-52)?
-12
Let d(i) = -i**3 - 34*i**2 + 60*i - 2020. Determine d(-37).
-133
Let o(v) = -13374*v - 53519. Give o(-4).
-23
Let g(l) = 412*l - 344008. What is g(835)?
12
Let g(a) = -2*a**2 + 253*a - 2023. Give g(8).
-127
Let g(u) = 10*u + 33. What is g(23)?
263
Let t(k) = -2*k**2 - 163*k + 6380. What is t(27)?
521
Let x(b) = -7566*b - 45720. Determine x(-6).
-324
Let h(n) = -94*n + 7988. Give h(85).
-2
Let n(b) = -6*b**2 - 13533*b - 27072. Determine n(-2).
-30
Let r(w) = w**3 + 272*w**2 - 16314*w - 4494528. What is r(-271)?
7
Let k(q) = 6279*q - 68852. What is k(11)?
217
Let z(m) = 66892*m + 200673. What is z(-3)?
-3
Let c(j) = j**3 + 19*j**2 + 18*j - 181. Calculate c(-17).
91
Let a(v) = -166104*v - 18437547. Give a(-111).
-3
Let n(u) = 957*u - 4991. Give n(5).
-206
Let n(t) = -765*t - 2392. Give n(-4).
668
Let v(y) = y**3 + 150*y**2 + 2027*y + 333. Calculate v(-135).
63
Let r(v) = 1315*v - 1297. Give r(1).
18
Let f(m) = 23972*m + 71867. Give f(-3).
-49
Let g(q) = -q**2 - 196136*q + 1569138. Give g(8).
-14
Let d(u) = -14*u**3 - 15*u**2 + 272*u - 253. Calculate d(1).
-10
Let l(a) = a**3 + 132*a**2 - 1832*a - 696. What is l(13)?
-7
Let w(q) = q**2 + 1437*q + 146. Give w(0).
146
Let f(w) = -w**3 + 975*w**2 - 57465*w + 8190. What is f(912)?
-18
Let u(m) = 4699*m + 50423. What is u(-11)?
-1266
Let d(j) = -j**3 - 241*j**2 + 485*j - 60086. What is d(-244)?
182
Let c(y) = y**3 - 7*y**2 - 106*y + 529. Determine c(12).
-23
Let j(n) = n**2 - 1538*n - 137960. What is j(-85)?
-5
Let y(w) = 57194*w + 1487044. Determine y(-26).
0
Let k(d) = 8*d**3 + 25*d - 224. Calculate k(4).
388
Let q(l) = 59*l - 4421. Determine q(50).
-1471
Let x(w) = -39*w**3 + 73*w**2 - 1019*w - 1093. Determine x(-1).
38
Let m(y) = -8015*y - 504945. Determine m(-63).
0
Let k(s) = -148153*s - 740771. Give k(-5).
-6
Let u(p) = -19*p**2 - 139*p - 193. What is u(-6)?
-43
Let x(c) = -5*c**2 + 380*c + 10814. Give x(91).
3989
Let l(y) = -y**3 - 11*y**2 + 106*y + 890. Determine l(-14).
-6
Let t(c) = 16*c**3 - 1457*c**2 + 29*c + 5648. Determine t(91).
6
Let t(o) = o**3 + 51*o**2 + 3*o - 1587. Determine t(-51).
-1740
Let k(h) = 42380*h + 9705032. Give k(-229).
12
Let p(j) = -50*j**2 - 503*j - 133. Calculate p(-9).
344
Let w(o) = -o**2 - 110*o + 10863. Give w(59).
892
Let y(c) = -37*c**3 - 11991*c**2 - 967*c + 1638. Calculate y(-324).
18
Let p(c) = -113*c**2 - 445*c - 2617. Calculate p(-6).
-4015
Let v(q) = 6883*q - 19829. Calculate v(3).
820
Let z(n) = -143*n**2 - 922*n - 499. Calculate z(-6).
-115
Let j(b) = b**2 + 3386*b + 140451. Calculate j(-42).
3
Let z(r) = 3792*r + 386725. Give z(-102).
-59
Let i(b) = -3*b**2 - 166*b - 692. What is i(-4)?
-76
Let h(w) = -1615366*w - 1615342. Give h(-1).
24
Let p(g) = g**3 - 58*g**2 + 1000*g - 4455. Calculate p(23).
30
Let k(o) = 4*o**2 - 3571*o - 3576. What is k(-1)?
-1
Let v(s) = -32*s**3 + 